{"id":1940,"date":"2022-10-09T16:53:24","date_gmt":"2022-10-09T14:53:24","guid":{"rendered":"http:\/\/8lidi.cz\/educ8people\/jaroslav-knichal-buh-a-valka\/"},"modified":"2022-10-09T17:00:49","modified_gmt":"2022-10-09T15:00:49","slug":"jaroslav-knichal-buh-a-valka","status":"publish","type":"educate","link":"https:\/\/8lidi.cz\/en\/educ8people\/jaroslav-knichal-buh-a-valka\/","title":{"rendered":"Jaroslav Knichal: God and War"},"content":{"rendered":"<div class=\"osm-lidi-block-slider\" id=\"osm-lidi-block-slider-block_7e9d53ffd726a349d7d95b36dc7ab874\">\n            <div class=\"slide\">\n            <img data-flickity-lazyload=\"\" data-desktop-src=\"https:\/\/8lidi.cz\/wp-content\/uploads\/2022\/10\/8lidi-zbrane-4-knichal-fbcover-aspect-ratio-1170-355.png\" data-mobile-src=\"https:\/\/8lidi.cz\/wp-content\/uploads\/2022\/10\/8lidi-zbrane-4-knichal-fbcover-aspect-ratio-767-479.png\" data-desktop-width=\"1170\" data-desktop-height=\"355\" data-mobile-width=\"767\" data-mobile-height=\"479\" width=\"\" height=\"\" alt=\"\">\n        <\/div>\n    <\/div>\n\n\n\n\n<div class=\"wp-block-columns vetsi-mezera is-layout-flex wp-container-core-columns-is-layout-9d6595d7 wp-block-columns-is-layout-flex\">\n<div class=\"wp-block-column is-layout-flow wp-block-column-is-layout-flow\">\n<h2 class=\"wp-block-heading\">O setk\u00e1n\u00ed<\/h2>\n\n\n\n<p>Zveme v\u00e1s na p\u0159edn\u00e1\u0161ku, prom\u00edt\u00e1n\u00ed a n\u00e1slednou diskuzi s katolick\u00fdm kn\u011bzem a hlavn\u00edm kaplanem Arm\u00e1dy \u010cesk\u00e9 republiky Jaroslavem Knichalem do galerie Display.<\/p>\n\n\n\n<p>Jaroslav Knichal je katolick\u00fd kn\u011bz, v roce 2003 se stal vojensk\u00fdm kaplanem a od roku 2015 zast\u00e1v\u00e1 pozici hlavn\u00edho kaplana Arm\u00e1dy \u010cesk\u00e9 republiky. Z\u00fa\u010dastnil se vojensk\u00fdch mis\u00ed v Ir\u00e1ku, Kosovu a Afgh\u00e1nist\u00e1nu. Jak pe\u010dovat o duchovn\u00ed \u017eivot uprost\u0159ed bitevn\u00edho pole? \u010c\u00edm proch\u00e1zej\u00ed \u010de\u0161t\u00ed voj\u00e1ci p\u0159i zahrani\u010dn\u00edch operac\u00edch a jak jim zde m\u016f\u017ee pomoci v\u00edra? V\u00e1lka a pou\u017eit\u00ed s\u00edly v k\u0159es\u0165ansk\u00e9 tradici? Je to v\u016fbec mo\u017en\u00e9? Kdo je vojensk\u00fd kaplan? Jak\u00e1 je historie Duchovn\u00ed slu\u017eby v rezortu obrany?<\/p>\n\n\n\n<p>Cyklus p\u0159edn\u00e1\u0161ek je sou\u010d\u00e1st\u00ed procesu tvorby divadeln\u00edho projektu Oh My Gun, kter\u00fd je spoluprac\u00ed divadeln\u00ed skupiny 8lid\u00ed a um\u011blce Ji\u0159\u00edho \u017d\u00e1ka. Projekt se zam\u011b\u0159uje na minulost i sou\u010dasnost \u010desk\u00e9ho zbrojn\u00edho pr\u016fmyslu. Sleduje historii \u010desk\u00fdch zbran\u00ed jako prost\u0159edku pro vytv\u00e1\u0159en\u00ed diplomatick\u00fdch vztah\u016f a jejich v\u00fdvozu do bl\u00edzkov\u00fdchodn\u00edho regionu, zvl\u00e1\u0161t\u011b pak S\u00fdrie. Tv\u016frci*kyn\u011b budou skrze performativn\u00ed mo\u017enosti divadla zkoumat vliv \u010cesk\u00e9 republiky, mal\u00e9ho semi perifern\u00edho st\u00e1tu uprost\u0159ed Evropy, na v\u00e1le\u010dn\u00e9 konflikty sou\u010dasn\u00e9ho sv\u011bta.&nbsp;<\/p>\n\n\n\n<p>Vstupn\u00e9 zdarma<\/p>\n\n\n\n<div aria-hidden=\"true\" class=\"wp-block-fsb-flexible-spacer fsb-flexible-spacer\"><div class=\"fsb-flexible-spacer__device fsb-flexible-spacer__device--lg\" style=\"height:30px\"><\/div><div class=\"fsb-flexible-spacer__device fsb-flexible-spacer__device--md\" style=\"height:30px\"><\/div><div class=\"fsb-flexible-spacer__device fsb-flexible-spacer__device--sm\" style=\"height:30px\"><\/div><\/div>\n<\/div>\n\n\n\n<div class=\"wp-block-column arial is-layout-flow wp-block-column-is-layout-flow\">\n<h2 class=\"wp-block-heading\">Term\u00edn<\/h2>\n\n\n\n<p>2. 11. 2022, 18:30<br>Ve\u0159ejn\u00fd<\/p>\n\n\n\n<div aria-hidden=\"true\" class=\"wp-block-fsb-flexible-spacer fsb-flexible-spacer\"><div class=\"fsb-flexible-spacer__device fsb-flexible-spacer__device--lg\" style=\"height:20px\"><\/div><div class=\"fsb-flexible-spacer__device fsb-flexible-spacer__device--md\" style=\"height:20px\"><\/div><div class=\"fsb-flexible-spacer__device fsb-flexible-spacer__device--sm\" style=\"height:20px\"><\/div><\/div>\n\n\n\n<h2 class=\"wp-block-heading\"> <\/h2>\n<\/div>\n<\/div>\n","protected":false},"featured_media":1932,"template":"","class_list":["post-1940","educate","type-educate","status-publish","has-post-thumbnail","hentry"],"acf":[],"_links":{"self":[{"href":"https:\/\/8lidi.cz\/en\/wp-json\/wp\/v2\/educate\/1940","targetHints":{"allow":["GET"]}}],"collection":[{"href":"https:\/\/8lidi.cz\/en\/wp-json\/wp\/v2\/educate"}],"about":[{"href":"https:\/\/8lidi.cz\/en\/wp-json\/wp\/v2\/types\/educate"}],"wp:featuredmedia":[{"embeddable":true,"href":"https:\/\/8lidi.cz\/en\/wp-json\/wp\/v2\/media\/1932"}],"wp:attachment":[{"href":"https:\/\/8lidi.cz\/en\/wp-json\/wp\/v2\/media?parent=1940"}],"curies":[{"name":"wp","href":"https:\/\/api.w.org\/{rel}","templated":true}]}}

<div class="osm-lidi-block-slider" id="osm-lidi-block-slider-block_7e9d53ffd726a349d7d95b36dc7ab874">
            <div class="slide">
            <img data-flickity-lazyload="" data-desktop-src="https://8lidi.cz/wp-content/uploads/2022/10/8lidi-zbrane-4-knichal-fbcover-aspect-ratio-1170-355.png" data-mobile-src="https://8lidi.cz/wp-content/uploads/2022/10/8lidi-zbrane-4-knichal-fbcover-aspect-ratio-767-479.png" data-desktop-width="1170" data-desktop-height="355" data-mobile-width="767" data-mobile-height="479" width="" height="" alt="">
        </div>
    </div>




<div class="wp-block-columns vetsi-mezera is-layout-flex wp-container-core-columns-is-layout-9d6595d7 wp-block-columns-is-layout-flex">
<div class="wp-block-column is-layout-flow wp-block-column-is-layout-flow">
<h2 class="wp-block-heading">O setkání</h2>



<p>Zveme vás na přednášku, promítání a následnou diskuzi s katolickým knězem a hlavním kaplanem Armády České republiky Jaroslavem Knichalem do galerie Display.</p>



<p>Jaroslav Knichal je katolický kněz, v roce 2003 se stal vojenským kaplanem a od roku 2015 zastává pozici hlavního kaplana Armády České republiky. Zúčastnil se vojenských misí v Iráku, Kosovu a Afghánistánu. Jak pečovat o duchovní život uprostřed bitevního pole? Čím procházejí čeští vojáci při zahraničních operacích a jak jim zde může pomoci víra? Válka a použití síly v křesťanské tradici? Je to vůbec možné? Kdo je vojenský kaplan? Jaká je historie Duchovní služby v rezortu obrany?</p>



<p>Cyklus přednášek je součástí procesu tvorby divadelního projektu Oh My Gun, který je spoluprací divadelní skupiny 8lidí a umělce Jiřího Žáka. Projekt se zaměřuje na minulost i současnost českého zbrojního průmyslu. Sleduje historii českých zbraní jako prostředku pro vytváření diplomatických vztahů a jejich vývozu do blízkovýchodního regionu, zvláště pak Sýrie. Tvůrci*kyně budou skrze performativní možnosti divadla zkoumat vliv České republiky, malého semi periferního státu uprostřed Evropy, na válečné konflikty současného světa.&nbsp;</p>



<p>Vstupné zdarma</p>



<div aria-hidden="true" class="wp-block-fsb-flexible-spacer fsb-flexible-spacer"><div class="fsb-flexible-spacer__device fsb-flexible-spacer__device--lg" style="height:30px"></div><div class="fsb-flexible-spacer__device fsb-flexible-spacer__device--md" style="height:30px"></div><div class="fsb-flexible-spacer__device fsb-flexible-spacer__device--sm" style="height:30px"></div></div>
</div>



<div class="wp-block-column arial is-layout-flow wp-block-column-is-layout-flow">
<h2 class="wp-block-heading">Termín</h2>



<p>2. 11. 2022, 18:30<br>Veřejný</p>



<div aria-hidden="true" class="wp-block-fsb-flexible-spacer fsb-flexible-spacer"><div class="fsb-flexible-spacer__device fsb-flexible-spacer__device--lg" style="height:20px"></div><div class="fsb-flexible-spacer__device fsb-flexible-spacer__device--md" style="height:20px"></div><div class="fsb-flexible-spacer__device fsb-flexible-spacer__device--sm" style="height:20px"></div></div>



<h2 class="wp-block-heading"> </h2>
</div>
</div>
